j**3. Is h(-12) composite?
False
Suppose -2*i - 3*o = -5*i - 4566, 0 = -3*i + o - 4564. Let h = i - -2312. Is h a composite number?
True
Suppose -3*b - 3831 + 30 = 0. Let f = b + 2186. Is f a composite number?
False
Let w be 1 - ((3 - -13) + 0). Let o be 45/w*(-1012)/(-6). Let v = o - -825. Is v a prime number?
False
Let y(m) = -m**2 - 16*m - 15. Let c(x) = -7*x + 13. Let q be c(4). Let p be y(q). Suppose p = -3*u - 0*u + 237. Is u a composite number?
False
Suppose 0 = -7*b + 2*b. Suppose 2 + 6 = 4*s. Suppose 4*z = -5*f + 693, b = z - s*f - 0*f - 183. Is z a composite number?
True
Let x(r) = r**2 - 14*r + 4. Suppose 6 - 2 = -m, 5*p = m + 79. Is x(p) composite?
False
Let g = 31 + -7. Suppose -4*h + g + 4 = 0. Is h composite?
False
Let u(a) = -8*a**2 - 3*a - 1. Let x be ((-6)/8)/(1/4). Let r be u(x). Let l = r - -161. Is l composite?
False
Let a(v) = -2*v**2 + 7*v + 24. Let p be a(-11). Suppose -421 = -f - 4*r + 5*r, -837 = -2*f + r. Let w = f + p. Is w prime?
False
Let o = 6 - 4. Suppose 6*a - o*a = 5484. Is a a prime number?
False
Suppose -2*i + b + 23908 = 0, -3*i - b = -2*b - 35861. Is i a composite number?
False
Suppose -2*z + 279 = 5*h - 10*h, 3*z + 237 = -4*h. Suppose w + 0*w = 131. Let a = w + h. Is a prime?
False
Let q(t) = 76*t**2 + 91*t**2 + 9*t**2 + 38*t**2. Is q(-1) a composite number?
True
Suppose -2*a - 3040 = 6*a. Let u = a + 567. Is u a composite number?
True
Is 1813141/110 + -2 + (-1)/10 composite?
False
Is (-7175)/(-3) + 4/3 composite?
False
Let r = -108748 + 168699. Is r a prime number?
True
Suppose -11*p + 40 = -3*p. Suppose 3868 = 2*k + p*b, k - 2*b - 681 - 1262 = 0. Is k prime?
False
Suppose -4*w = 2*l - 27830, 26335 + 8466 = 5*w - 2*l. Is w composite?
False
Suppose -3*w + 0 = -a + 1, -1 = -w. Suppose k = -0*k + a. Suppose 0 = -4*z + 4*h + 800, -k*h = z - 176 - 39. Is z a composite number?
True
Let f(z) = -17*z + 4861. Is f(0) a composite number?
False
Suppose -13 = 4*n + a, 2*n = n + 3*a. Is n/2*4214/(-21) composite?
True
Let o be (-1982)/(-8) + (-33)/44. Let x = o + 90. Is x a prime number?
True
Let q = 29881 - 21090. Is q prime?
False
Let s be 3/(-4) - (-23)/4. Suppose s*z - 4*i + 2147 = -8*i, -4*z = i + 1711. Let q = z - -1098. Is q composite?
True
Let v(k) = 5*k - 14*k + 157 - k**2 + 10*k. Let m(q) = q**2 - 8*q + 7. Let r be m(7). Is v(r) composite?
False
Let k = -51 - -46. Is k + 4 - (0 + -488) prime?
True
Let s(b) = 16*b**2 - 8*b + 23. Let d(v) = 16*v + 39. Let y be d(-3). Is s(y) composite?
True
Suppose 5*d = 3*x + 101, 3*d + d + 3*x = 70. Suppose 3*g + 0 = q + 3, 2*g = -5*q + d. Suppose 333 = q*p - 276. Is p a prime number?
False
Suppose -4*v = -0*v + 184. Let t = 113 - v. Suppose t = 6*n - 3*n. Is n prime?
True
Suppose 3*t = 4*h + 3461, 2*t = -0*t - h + 2300. Is t a composite number?
False
Suppose -n + 13*n = 19860. Is n prime?
False
Let z(q) = 2*q**3 - 10*q**2 - 14*q + 13. Let m be z(9). Let v = m - 311. Suppose 0 = -y + v - 5. Is y a composite number?
True
Let j(x) = -154*x**3 + 2*x. Let c be j(2). Is (0 - -4)*1*c/(-16) a composite number?
False
Suppose 4*o + 2*o - 126 = 0. Is o/(-14)*44/(-6) a composite number?
False
Let z(i) = 37*i**3 + 2*i**2 + i - 2. Let p be z(1). Is 8677/11 - p/(-209) a composite number?
True
Suppose n + 18930 = 7*n. Is n composite?
True
Let b be 1/2 + (0 - 3210/(-4)). Suppose 4*x - b - 721 = 0. Is x composite?
True
Let q(w) = -w**2 + 2*w - 3. Suppose 3*d - d = 4. Let h be q(d). Is (h + (-1364)/8)*-2 a prime number?
True
Let l(a) = -a**2 + 7*a - 13. Let b be l(5). Is 3*((-16130)/(-15) - b) a prime number?
False
Is 7340 + -8 + -7 + 14 composite?
True
Let m = -45 - -47. Suppose 0 = -m*r - 0*i - i + 21, -4*r = -3*i - 47. Is r a composite number?
False
Suppose -12*d + 24*d = 293772. Is d prime?
True
Let j = 681 - -20050. Is j a composite number?
False
Let w(m) = 17*m**2 - 5*m - 8. Let c be w(-8). Suppose 5*d = 345 + c. Is d a composite number?
False
Let q(k) = 13535*k - 12. Is q(1) composite?
False
Suppose 2*v - 7*v - 5*j + 75 = 0, -2*v - 5*j + 33 = 0. Let m = v + -11. Let q(n) = 123*n + 2. Is q(m) prime?
False
Let x(i) = i**3 - i**2 + i - 5. Let y be x(0). Let b(z) = 10*z**2 - 10*z - 7. Let f be b(y). Suppose -2*k = -k - f. Is k a composite number?
False
Suppose -10 = -8*h + 6. Is (2684/8 - -1)*h a composite number?
False
Let m(k) = -k**3 - 9*k**2 - 8*k + 5. Let d be m(-8). Let t(i) = -i**2 - 4*i + 4. Let q be t(-6). Is (14/q)/(d/(-260)) a prime number?
False
Let x(v) = 27*v**2 - 2*v. Let r be x(1). Suppose r = -2*z + 7*z. Suppose y - 2*l - 631 = -0*y, -3*y = z*l - 1893. Is y a composite number?
False
Let s = 1052 + -537. Let q = s - 366. Is (-8 + 10)*q/2 prime?
True
Is (9 - (-92638)/(-39))/(1/(-3)) prime?
False
Suppose 3*q - m + 81 = 4*q, 4*q - 327 = -3*m. Let v be (-16)/4 - (-3 - (2 + -6)). Let l = q - v. Is l a prime number?
True
Suppose -38724 = 6*u - 240642. Is u a prime number?
False
Let m = 0 - 13. Let x = 61 - m. Is x composite?
True
Suppose -5*v - 80 - 15 = 0. Let m = 19 - -251. Let f = v + m. Is f composite?
False
Let t(b) = b**2 + 4*b + 3. Let m be t(-4). Suppose -v = 2*k - 45, -2*v - 2*k + m*k = -110. Is v a prime number?
True
Suppose -56*f - 44*f + 3094900 = 0. Is f a composite number?
False
Suppose 4*s - 1173 = -p + 324, -3*p + 2*s + 4561 = 0. Is p a prime number?
False
Let f(h) = h**2 + 8*h - 9. Let z be f(-8). Is (z/(-6) + 1)*(-9110)/(-25) a prime number?
True
Suppose -b + 0*b = 0. Suppose 4*r + 3*u = 10, 3*r - u + 1 - 2 = b. Is r/2 + 5642/28 composite?
True
Suppose -2*r = -6, -4*v = -6*r + 2*r - 936. Let m = v - -109. Is m a prime number?
False
Let s(k) = -48*k**3 - 2*k**2 + 1. Suppose 2*g + 5 = 9. Suppose -3*n + g*n - 1 = 0. Is s(n) a prime number?
True
Let q = 2494 - 1097. Is q composite?
True
Suppose 72374 = -3*c + 3*i + 245996, -5*c - 2*i = -289349. Is c prime?
False
Let s(k) = k**3 - 4*k**2 - 22*k - 11. Let x be s(10). Let d = x + 53. Is d composite?
True
Let n = 9186 - 5066. Suppose -r + n = 4*r. Suppose 2*m = 3*g - 1251, -r = -g - g - 2*m. Is g prime?
False
Let r(w) = 3*w - 3*w - 2*w - 8. Let p be r(-6). Suppose -p*y = -0*y - 380. Is y a prime number?
False
Is (-4 - 21*314)/(-2) a prime number?
True
Let v(h) = -h**3 + 7*h**2 + 6*h + 5. Let j(k) = -k**2 - 3*k + 24. Let s be j(-7). Is v(s) composite?
False
Let n = -696 - -2515. Is n composite?
True
Let u(b) be the first derivative of -140*b**3/3 + b**2/2 - b + 6. Let i be u(1). Is (-12)/15*i/8 a composite number?
True
Let u be ((-8)/24)/((-2)/726). Let v = u + 82. Is v prime?
False
Is -6 + (6 - -8) + 12681 prime?
True
Let y(r) = -r**3 - 5*r**2 - 6*r. Let a be y(-4). Is 104/6*7 - a/24 composite?
True
Suppose -18*y + 375281 = -296785. Is y composite?
False
Let t = 1235 + -546. Is t composite?
True
Let g(s) = -s**3 - 10*s**2 + s - 16. Let n be g(-10). Is (n/(-6) + -4)*5703 a prime number?
True
Let t(z) = -z + 1. Let a(o) = o + 1. Let x(n) = -4*a(n) - t(n). Let k be x(-5). Let m = 29 + k. Is m a composite number?
True
Let q = -3506 - -7047. Is q prime?
True
Suppose -3*d - 5*i + 11129 = 0, -18555 = -18*d + 13*d - 5*i. Is d prime?
False
Is 32814/12*(-4)/(-6) prime?
True
Let h = -427 + 184. Let q = 110 - h. Is q prime?
True
Let v = -12 + 17. Suppose 3935 = v*r + 2*g, -r + 3*g = -3*r + 1585. Is r prime?
False
Let n(x) = 3*x**3 + 190*x**2 + 16*x - 20. Is n(-63) prime?
False
Let y = -141 - -78. Let x = 832 + y. Is x composite?
False
Is 1096 + -4*30/(-40) a composite number?
True
Suppose -14 - 58 = 4*f. Let u = -77 + -13. Is (-17890)/u - 4/f a composite number?
False
Let m be 62/12 + 12/(-72). Suppose -43 = -2*g + 3*c - 0*c, m*c = -25. Is g a composite number?
True
Let l be (21/(-9) + 3)*-9. Let n = 11 + l. Suppose -n*p + 935 = -720. Is p composite?
False
Suppose 0*u - 2*u = 0. Let i = u + 0. Suppose i*q = -3*q + 78. Is q prime?
False
Is (-7 - 37/(-5))*(-211780)/(-8) a composite number?
False
Let y(s) = -s - 1. Let f be y(-9). Suppose 0 = -k - 4*t + 1, -f = -4*k + 2*t + 14. Suppose -k*v + 822 = -3*v. Is v a prime number?
False
Suppose 5*r = -4*n + 651, -6*n + 643 = 5*r - 4*n. Is r a composite number?
False
Is (-22)/1287*-13 + (-27770)/(-18) a prime number?
True
Suppose 0 = -7*s - 31*s + 535762. Is s composite?
True
Suppose -3*z + 1870 = -887. Is z a prime number?
True
Let g be (-5 - (-4 + -2)) + 3472. Suppose -4*n = -3*k + g,